{"id":13,"date":"2010-05-22T11:18:26","date_gmt":"2010-05-22T09:18:26","guid":{"rendered":"http:\/\/akarpsgarden.se\/?page_id=13"},"modified":"2022-12-01T21:03:06","modified_gmt":"2022-12-01T21:03:06","slug":"kontakt","status":"publish","type":"page","link":"http:\/\/akarpsgarden.se\/hem\/?page_id=13","title":{"rendered":"Kontakt"},"content":{"rendered":"\n<p>\u00c5karpsg\u00e5rden<br>243 71 Tj\u00f6rnarp<br>info&#8221;snabel a&#8221;akarpsgarden.se<br>0709-92 59 18 (Stefan)<br>0706-53 40 14 (My)<\/p>\n","protected":false},"excerpt":{"rendered":"<p>\u00c5karpsg\u00e5rden243 71 Tj\u00f6rnarpinfo&#8221;snabel a&#8221;akarpsgarden.se0709-92 59 18 (Stefan)0706-53 40 14 (My)<\/p>\n","protected":false},"author":1,"featured_media":0,"parent":0,"menu_order":7,"comment_status":"open","ping_status":"open","template":"","meta":[],"_links":{"self":[{"href":"http:\/\/akarpsgarden.se\/hem\/index.php?rest_route=\/wp\/v2\/pages\/13"}],"collection":[{"href":"http:\/\/akarpsgarden.se\/hem\/index.php?rest_route=\/wp\/v2\/pages"}],"about":[{"href":"http:\/\/akarpsgarden.se\/hem\/index.php?rest_route=\/wp\/v2\/types\/page"}],"author":[{"embeddable":true,"href":"http:\/\/akarpsgarden.se\/hem\/index.php?rest_route=\/wp\/v2\/users\/1"}],"replies":[{"embeddable":true,"href":"http:\/\/akarpsgarden.se\/hem\/index.php?rest_route=%2Fwp%2Fv2%2Fcomments&post=13"}],"version-history":[{"count":25,"href":"http:\/\/akarpsgarden.se\/hem\/index.php?rest_route=\/wp\/v2\/pages\/13\/revisions"}],"predecessor-version":[{"id":230,"href":"http:\/\/akarpsgarden.se\/hem\/index.php?rest_route=\/wp\/v2\/pages\/13\/revisions\/230"}],"wp:attachment":[{"href":"http:\/\/akarpsgarden.se\/hem\/index.php?rest_route=%2Fwp%2Fv2%2Fmedia&parent=13"}],"curies":[{"name":"wp","href":"https:\/\/api.w.org\/{rel}","templated":true}]}}